{"id":123,"date":"2019-12-30T22:03:19","date_gmt":"2019-12-30T21:03:19","guid":{"rendered":"http:\/\/piktorial.com\/?page_id=123"},"modified":"2024-03-16T06:56:41","modified_gmt":"2024-03-16T05:56:41","slug":"kontakt","status":"publish","type":"page","link":"http:\/\/piktorial.com\/?page_id=123","title":{"rendered":"Kontakt"},"content":{"rendered":"<section class=\"wpb-content-wrapper\"><p>[vc_row][vc_column][vc_empty_space height=&#8221;30px&#8221;][\/vc_column][\/vc_row][vc_row css=&#8221;.vc_custom_1578061253710{margin-bottom: 55px !important;}&#8221;][vc_column][vc_column_text css=&#8221;.vc_custom_1578060803929{padding-bottom: 15px !important;}&#8221;]<\/p>\n<h2><span style=\"color: #000000;\">Kontakt<\/span><\/h2>\n<p>[\/vc_column_text][vc_separator css=&#8221;.vc_custom_1522908700040{margin-top: -7px !important;padding-top: -10px !important;}&#8221;][vc_empty_space height=&#8221;42px&#8221;][vc_column_text]Kamila \u0141ab\u0119dzka-S\u0142owik[\/vc_column_text][vc_separator css=&#8221;.vc_custom_1578061666169{margin-top: -7px !important;margin-bottom: 24px !important;padding-top: -10px !important;}&#8221;][vc_column_text]Telefon: <a href=\"tel:0048601550206\u202c\">+48 601 550 206\u202c<\/a>[\/vc_column_text][vc_separator css=&#8221;.vc_custom_1578061672793{margin-top: -7px !important;margin-bottom: 24px !important;padding-top: -10px !important;}&#8221;][vc_column_text]E-mail: <a href=\"mailto:kamila.labedzka.slowik@gmail.com\">kamila.labedzka.slowik@gmail.com<\/a>[\/vc_column_text][vc_separator css=&#8221;.vc_custom_1522908700040{margin-top: -7px !important;padding-top: -10px !important;}&#8221;][\/vc_column][\/vc_row]<\/p>\n<\/section>","protected":false},"excerpt":{"rendered":"<p>[vc_row][vc_column][vc_empty_space height=&#8221;30px&#8221;][\/vc_column][\/vc_row][vc_row css=&#8221;.vc_custom_1578061253710{margin-bottom: 55px !important;}&#8221;][vc_column][vc_column_text css=&#8221;.vc_custom_1578060803929{padding-bottom: 15px !important;}&#8221;] Kontakt [\/vc_column_text][vc_separator css=&#8221;.vc_custom_1522908700040{margin-top: -7px !important;padding-top: -10px !important;}&#8221;][vc_empty_space height=&#8221;42px&#8221;][vc_column_text]Kamila \u0141ab\u0119dzka-S\u0142owik[\/vc_column_text][vc_separator css=&#8221;.vc_custom_1578061666169{margin-top: -7px !important;margin-bottom: 24px !important;padding-top: -10px !important;}&#8221;][vc_column_text]Telefon: +48 601 550 206\u202c[\/vc_column_text][vc_separator css=&#8221;.vc_custom_1578061672793{margin-top: -7px !important;margin-bottom: 24px !important;padding-top: -10px !important;}&#8221;][vc_column_text]E-mail: kamila.labedzka.slowik@gmail.com[\/vc_column_text][vc_separator css=&#8221;.vc_custom_1522908700040{margin-top: -7px !important;padding-top: -10px !important;}&#8221;][\/vc_column][\/vc_row]<\/p>\n","protected":false},"author":1,"featured_media":0,"parent":0,"menu_order":0,"comment_status":"closed","ping_status":"closed","template":"","meta":[],"_links":{"self":[{"href":"http:\/\/piktorial.com\/index.php?rest_route=\/wp\/v2\/pages\/123"}],"collection":[{"href":"http:\/\/piktorial.com\/index.php?rest_route=\/wp\/v2\/pages"}],"about":[{"href":"http:\/\/piktorial.com\/index.php?rest_route=\/wp\/v2\/types\/page"}],"author":[{"embeddable":true,"href":"http:\/\/piktorial.com\/index.php?rest_route=\/wp\/v2\/users\/1"}],"replies":[{"embeddable":true,"href":"http:\/\/piktorial.com\/index.php?rest_route=%2Fwp%2Fv2%2Fcomments&post=123"}],"version-history":[{"count":37,"href":"http:\/\/piktorial.com\/index.php?rest_route=\/wp\/v2\/pages\/123\/revisions"}],"predecessor-version":[{"id":751,"href":"http:\/\/piktorial.com\/index.php?rest_route=\/wp\/v2\/pages\/123\/revisions\/751"}],"wp:attachment":[{"href":"http:\/\/piktorial.com\/index.php?rest_route=%2Fwp%2Fv2%2Fmedia&parent=123"}],"curies":[{"name":"wp","href":"https:\/\/api.w.org\/{rel}","templated":true}]}}